t is the highest common factor of x and k?
50
Suppose -56*s + 1942 = 486. What is the greatest common factor of s and 96?
2
Suppose -370 = 10*c + 110. Let d(v) = 4*v**3 + v**2 - v + 1. Let u be d(-2). Let x = u - c. What is the highest common divisor of x and 207?
23
Let k(f) = -f**2 + 22*f + 22. Let l be k(17). Suppose 0 = -9*z + l + 28. Suppose -z = -2*j + 3. Calculate the greatest common factor of 54 and j.
9
Suppose -7*s + 310 = 37. Suppose z = 4*j - s, -2*j = 2*z + 2*z - 6. Suppose -j = -x + 7. Calculate the greatest common divisor of x and 128.
16
Let l be 14 + ((-1)/1 - 0). Suppose 5*m = -3*u + 19, -u - 185*m = -189*m - 29. Calculate the greatest common divisor of u and l.
13
Suppose d + 2295 - 900 = 4*j, 5*j = -2*d + 1760. Suppose -209*q - 2 - 10638 = -247*q. What is the greatest common factor of j and q?
70
Suppose 5*p - 8*k = 102, 3*p - 5*p + 5*k = -48. What is the highest common factor of p and 3920?
14
Let c = 45 - 37. Let z be 26/(-39) - (c/3)/(-4). Suppose 70 = -z*f + 5*f. Calculate the greatest common factor of f and 126.
14
Suppose -2*t - y = 3*t - 34, 0 = -4*t + 3*y + 12. Let z(f) = f**3 + 10*f**2 - 30*f - 18. Let o be z(-12). Calculate the greatest common divisor of t and o.
6
Let a(k) be the second derivative of k**4/3 - 3*k**3/2 - 89*k**2 + 79*k. Let d be a(-7). Suppose -2*w + 15 = -3. Calculate the highest common factor of d and w.
9
Let v = -4441 - -4657. Calculate the greatest common factor of 1350 and v.
54
Suppose -4*g + 20 = 0, -74*a = -78*a - 2*g + 19990. Calculate the greatest common divisor of 120 and a.
15
Suppose -2*y - 5*w + w = 16, w = -5*y + 5. Suppose 0*m + y*m - 5*l = 107, -15 = -3*l. What is the highest common factor of m and 165?
33
Let i(m) = 23*m - 20. Let s be i(1). Suppose 3*f - 445 = -112. Suppose s*d - 3*j = f, -3*j - j = 4*d - 164. Calculate the highest common factor of d and 13.
13
Let y = 26 + 770. What is the highest common divisor of y and 597?
199
Let d = 588 - 633. Let n = -31 - d. Calculate the greatest common factor of 63 and n.
7
Suppose 0 = q + 4, -t + 3*q + 19 - 3 = 0. Suppose -26*w + 11*w = -4*w - 7*w. Suppose 2*g = t - w. What is the greatest common divisor of 3 and g?
1
Suppose 2*y - 765 = -2*i + 333, 561 = y + 5*i. Calculate the highest common factor of 168 and y.
42
Let r = -21 + 25. Suppose 13*v + 340 = 26*v - 778. What is the highest common divisor of v and r?
2
Suppose -5*u + 115 = -5*i, -80*u - i + 67 = -78*u. What is the greatest common divisor of 7530 and u?
30
Suppose 0 = 255*w - 272*w + 1139. What is the highest common divisor of w and 1943?
67
Let f = 2043 + -2025. What is the greatest common divisor of 339 and f?
3
Let k(g) = 15*g**2 + 24*g + 26. Let q be k(-12). Let r = q - 1310. Calculate the highest common divisor of 12 and r.
12
Let m be 107 + (-442)/13 + 44. Let u be 1/(1/(-2)) - -11. What is the greatest common divisor of m and u?
9
Suppose 81*x = 1094*x - 4052. Suppose 98 - 262 = -4*t. Let c = t - 9. Calculate the highest common divisor of c and x.
4
Let z be 219/9 + 4/6. Let g(y) = -13*y + 56. Let a be g(4). Suppose 0 = -5*o - 2*v + 46, 5*o = -a*v + 46 - 4. Calculate the highest common divisor of o and z.
5
Suppose -276 = -5*r + 354. Suppose 4*v = 17*v - 26. Let j be v/5 - 5/((-50)/r). Calculate the greatest common factor of 39 and j.
13
Let j(g) = 4*g**2 - 15*g + 285. Let h be j(-25). What is the greatest common factor of 40 and h?
40
Suppose 0 = -4*t - 3*s, -4*s - 10 = -0*t + 2*t. Suppose -t*m = 4*m - 35. Suppose -2 = -k - 1, 2*l - 2 = 4*k. Calculate the highest common factor of l and m.
1
Let s(j) = -3*j + 14. Let g be s(4). Suppose -g*c - 3*a + 178 + 740 = 0, 0 = 2*c - 2*a - 918. Calculate the highest common factor of c and 17.
17
Let z(w) = -w + 9. Let c be z(3). Suppose c*g = 14*g - 176. What is the highest common factor of 242 and g?
22
Suppose 7*m = 2*x + 10*m - 88, -194 = -5*x - m. Let f = -2 - -40. Calculate the greatest common divisor of f and x.
38
Suppose 0 = -x + s + 547, -3*x + 8*s = 11*s - 1677. Calculate the greatest common divisor of x and 7.
7
Suppose 5*y + 30 - 45 = 0. Suppose 3*q = -2*p - 145 - 346, 2*q = -y*p - 324. Let b be ((-44)/(-5))/((-3)/q). Calculate the greatest common divisor of b and 44.
44
Suppose -1016 = -375*u + 1566 - 332. What is the greatest common factor of u and 20238?
6
Let s be (-6)/21 - 1938/(-21). Let a = -9854 + 9992. What is the highest common divisor of a and s?
46
Let x = 231 - 156. Suppose 41 = 5*i + 3*w + 12, -i + 13 = 3*w. Let g be (i/2 + 0)/((-312)/(-2340)). What is the greatest common divisor of g and x?
15
Suppose 9*k + 4*a = 7*k + 738, -3*a = 2*k - 742. Calculate the highest common factor of 299 and k.
13
Suppose 8*f - 9*f = 12. Let j be 10/(-30) - 2/(f/458). What is the highest common factor of 76 and j?
76
Let g(v) = 118*v + 402. Let w be g(-3). What is the greatest common factor of 1200 and w?
48
Let y be 25 + (2 - (4 - 8)) - -9. What is the highest common factor of 1696 and y?
8
Let d be (-165)/(-20)*2976/9. Calculate the greatest common divisor of 22 and d.
22
Let b be (-4)/(-2) + (-232)/2. Let i(w) = 2*w**3 + 7*w**2 + 3*w - 15. Let a be i(-3). Let v = a - b. What is the greatest common factor of v and 11?
11
Let r(d) = -996*d + 7007. Let s be r(7). What is the highest common divisor of 126 and s?
7
Let x(j) be the third derivative of j**4/12 + j**3/6 + 8*j**2. Let m be x(2). Suppose -m*u = -u - 52. What is the greatest common divisor of 104 and u?
13
Let g be 1 + (-4)/(-1) + -3. Let k(s) = -7*s**2 + 3 + 3*s**2 + 14*s**2 + 3*s + g*s**2. Let i be k(-1). Calculate the highest common factor of i and 78.
6
Let i = 12682 - 5022. Calculate the highest common factor of 60 and i.
20
Let k(j) = -50*j + 3060. Let u be k(61). What is the greatest common factor of u and 10910?
10
Suppose -3*v - 26 = a, -107*v + 44 = -112*v - a. Let l(p) = p**3 + 7*p**2 - 19*p + 31. Let r be l(v). What is the highest common divisor of r and 640?
40
Let r = -62 - -74. Let x(h) = h**2 - 12*h + 16. Let o be x(r). Suppose -s + 16 = -o. What is the greatest common divisor of s and 80?
16
Suppose -6954 = -2*i + 8*y, -4*i - 5*y + 10881 + 3069 = 0. Calculate the greatest common divisor of 170 and i.
85
Let a(h) = -3*h + 11. Let n be a(3). Let o(z) = z**3 - 4*z**2 - 7*z + 4. Let c be o(6). Calculate the highest common divisor of c and n.
2
Suppose -4*k + 10497 = -11. Calculate the greatest common factor of k and 71.
71
Let h(a) = -20*a**3 + 10*a**2 + 44*a + 7. Let f be h(-3). What is the highest common factor of 606 and f?
101
Suppose -1983 = -27*s + 24*s - 3*v, -3*s + 1978 = -2*v. What is the highest common divisor of 176 and s?
44
Suppose 20012 - 32385 = -100*i + 42027. Calculate the greatest common divisor of 416 and i.
32
Suppose 0 = 3*r - 30*r - 1323. Let s = r + 93. Calculate the highest common factor of 4 and s.
4
Let z be (20860/(-42))/((-125)/1800). What is the greatest common divisor of z and 3?
3
Suppose -2*p + 13 = -55. Let w = p - 31. Let b(r) = 2*r + 21. Let y be b(w). Calculate the highest common factor of y and 3.
3
Let f be (12/(-20))/(30/(-8250)). Calculate the highest common divisor of f and 90.
15
Let t(i) = -12*i - 4. Let w be t(-3). Let o(u) = w - 9*u + 25*u - 17*u. Let r be o(14). Calculate the highest common factor of 198 and r.
18
Let v be (243/6)/((-3)/(-6)). Let x = v - 66. Calculate the highest common divisor of 15 and x.
15
Let c = 4 + -3. Let y be (0*(-2)/4 - 1)/1. Let j be (-19 - (c - -1)*1)/y. Calculate the greatest common divisor of j and 14.
7
Let x(d) = -2*d**3 + 36*d**2 - d + 21. Let a be x(18). Calculate the greatest common factor of 66 and a.
3
Let w(p) = p + 9. Let f(c) = 2*c + 8. Let u be f(-7). Let v be w(u). Let l = 62 - 47. What is the greatest common factor of l and v?
3
Suppose 4079*h - 78120 = 1909*h. Suppose t - 70 = -4*t. Let i be (-4)/t - (-130)/14. What is the greatest common divisor of h and i?
9
Let g be (-30)/(-4)*(-4094)/(-69). Suppose -5*p - 2*z - g + 48 = 0, 2*z + 81 = -p. Let n = p - -80. Calculate the greatest common divisor of n and 5.
1
Suppose 151*s - 5*n = 148*s + 30717, -s - 5*n = -10279. Calculate the highest common divisor of 111 and s.
37
Let i(s) be the second derivative of -53*s**3/6 - 7*s**2 + 6*s. Let u be i(-15). Suppose u = 5*r + 261. Calculate the highest common diviso